rs of 612185?
5, 7, 17491
What are the prime factors of 484628?
2, 121157
What are the prime factors of 1144501?
449, 2549
List the prime factors of 19112007.
3, 97, 65677
What are the prime factors of 836152?
2, 19, 5501
List the prime factors of 2471852.
2, 617963
List the prime factors of 30042815.
5, 11, 546233
What are the prime factors of 11339138?
2, 23, 53, 4651
List the prime factors of 12362.
2, 7, 883
List the prime factors of 6692452.
2, 13, 179, 719
What are the prime factors of 180365?
5, 36073
What are the prime factors of 200171?
200171
What are the prime factors of 3196451?
73, 43787
What are the prime factors of 1358687?
11, 123517
What are the prime factors of 1578897?
3, 175433
List the prime factors of 1015208.
2, 19, 6679
What are the prime factors of 17569937?
7, 11, 228181
What are the prime factors of 1897587?
3, 19, 137
What are the prime factors of 1440943?
7, 4201
List the prime factors of 18102065.
5, 37, 97849
What are the prime factors of 8947634?
2, 293, 15269
List the prime factors of 1743380.
2, 5, 61, 1429
What are the prime factors of 543960?
2, 3, 5, 1511
List the prime factors of 3054602.
2, 53, 28817
List the prime factors of 2164946.
2, 7, 59, 2621
What are the prime factors of 469797?
3, 149, 1051
List the prime factors of 6839453.
331, 20663
List the prime factors of 1046883.
3, 151, 2311
List the prime factors of 96673.
277, 349
What are the prime factors of 1433293?
1433293
List the prime factors of 3436920.
2, 3, 5, 9547
What are the prime factors of 5255648?
2, 164239
List the prime factors of 4721088.
2, 3, 67, 367
List the prime factors of 6793312.
2, 43, 4937
What are the prime factors of 523543?
523543
List the prime factors of 179571.
3, 7, 17, 503
What are the prime factors of 412476?
2, 3, 37, 929
List the prime factors of 4047904.
2, 7, 17, 1063
What are the prime factors of 125463?
3, 13, 3217
List the prime factors of 22277568.
2, 3, 29, 4001
List the prime factors of 97583.
97583
List the prime factors of 37793.
7, 5399
List the prime factors of 256098.
2, 3, 42683
What are the prime factors of 4204223?
4204223
List the prime factors of 20579747.
20579747
List the prime factors of 17315433.
3, 103, 18679
What are the prime factors of 288742?
2, 23, 6277
List the prime factors of 744493.
744493
What are the prime factors of 1394421?
3, 7, 23, 2887
What are the prime factors of 48535?
5, 17, 571
What are the prime factors of 1021371?
3, 13, 26189
What are the prime factors of 11986979?
23, 521173
List the prime factors of 1805340.
2, 3, 5, 30089
List the prime factors of 2748230.
2, 5, 41, 6703
What are the prime factors of 18991584?
2, 3, 17, 431
What are the prime factors of 3134109?
3, 11, 73, 1301
What are the prime factors of 1245057?
3, 11, 29, 1301
List the prime factors of 2796912.
2, 3, 19423
What are the prime factors of 2530626?
2, 3, 7, 89, 677
List the prime factors of 2022113.
19, 106427
What are the prime factors of 183718?
2, 97, 947
List the prime factors of 208094.
2, 104047
What are the prime factors of 29176455?
3, 5, 7, 11, 25261
List the prime factors of 21297818.
2, 307, 34687
List the prime factors of 23235808.
2, 587, 1237
List the prime factors of 118804.
2, 7, 4243
What are the prime factors of 7427115?
3, 5, 165047
What are the prime factors of 7432147?
7432147
What are the prime factors of 75406?
2, 37, 1019
List the prime factors of 889157.
23, 67, 577
What are the prime factors of 63878?
2, 19, 41
What are the prime factors of 6406453?
1019, 6287
List the prime factors of 2616405.
3, 5, 11, 101, 157
List the prime factors of 15575.
5, 7, 89
What are the prime factors of 10785194?
2, 7, 167, 659
What are the prime factors of 3796860?
2, 3, 5, 63281
What are the prime factors of 1271617?
17, 131, 571
What are the prime factors of 1272284?
2, 13, 43, 569
What are the prime factors of 89184?
2, 3, 929
List the prime factors of 158153.
89, 1777
List the prime factors of 18528795.
3, 5, 411751
What are the prime factors of 1704525?
3, 5, 22727
What are the prime factors of 40641440?
2, 5, 7, 131, 277
List the prime factors of 132739.
132739
What are the prime factors of 4275729?
3, 475081
What are the prime factors of 6127555?
5, 7, 29, 6037
List the prime factors of 298144.
2, 7, 11
List the prime factors of 474060.
2, 3, 5, 7901
List the prime factors of 2611462.
2, 7, 103, 1811
List the prime factors of 6466994.
2, 241, 13417
What are the prime factors of 1456380?
2, 3, 5, 29, 31
What are the prime factors of 224416?
2, 7013
What are the prime factors of 1096669?
7, 22381
What are the prime factors of 803265?
3, 5, 53551
What are the prime factors of 730307?
29, 25183
What are the prime factors of 3503755?
5, 700751
List the prime factors of 524974.
2, 71, 3697
List the prime factors of 494772.
2, 3, 41231
What are the prime factors of 213003?
3, 7, 23
What are the prime factors of 106808?
2, 13, 79
What are the prime factors of 11305600?
2, 5, 3533
List the prime factors of 126596.
2, 31649
What are the prime factors of 6642027?
3, 7, 113, 311
What are the prime factors of 1717368?
2, 3, 163, 439
What are the prime factors of 7095271?
7095271
List the prime factors of 2242955.
5, 11, 13, 3137
List the prime factors of 334754.
2, 7, 23911
List the prime factors of 2475151.
7, 347, 1019
List the prime factors of 210285.
3, 5, 4673
What are the prime factors of 1424535?
3, 5, 7, 13567
What are the prime factors of 466083?
3, 51787
List the prime factors of 9535037.
9535037
What are the prime factors of 13576802?
2, 107, 63443
List the prime factors of 81439.
81439
List the prime factors of 395826.
2, 3, 37, 1783
List the prime factors of 7003027.
37, 189271
What are the prime factors of 5209880?
2, 5, 13, 43, 233
What are the prime factors of 146279?
7, 20897
List the prime factors of 2098222.
2, 7, 149873
List the prime factors of 256319.
7, 5231
What are the prime factors of 47306?
2, 7, 31, 109
What are the prime factors of 16486042?
2, 433, 19037
List the prime factors of 4745545.
5, 7, 41, 3307
List the prime factors of 7930010.
2, 5, 11, 72091
What are the prime factors of 1016287?
353, 2879
What are the prime factors of 17305914?
2, 3, 2884319
List the prime factors of 709943.
13, 97, 563
What are the prime factors of 4117608?
2, 3, 11, 1733
List the prime factors of 2006640.
2, 3, 5, 929
List the prime factors of 147329.
7, 13, 1619
List the prime factors of 6786526.
2, 431, 7873
What are the prime factors of 96334?
2, 7, 983
What are the prime factors of 10289952?
2, 3, 35729
List the prime factors of 997476.
2, 3, 101, 823
What are the prime factors of 1463888?
2, 91493
What are the prime factors of 16840?
2, 5, 421
What are the prime factors of 156731?
19, 73, 113
What are the prime factors of 54014?
2, 113, 239
List the prime factors of 4636567.
13, 41, 8699
List the prime factors of 2450245.
5, 7, 73, 137
List the prime factors of 29135003.
61, 477623
List the prime factors of 664586.
2, 13, 25561
What are the prime factors of 1114457?
239, 4663
What are the prime factors of 296781?
3, 98927
List the prime factors of 55589.
55589
What are the prime factors of 289579?
19, 15241
What are the prime factors of 23907?
3, 13, 613
List the prime factors of 803509.
7, 79, 1453
List the prime factors of 195200.
2, 5, 61
What are the prime factors of 21070442?
2, 457, 23053
What are the prime factors of 2484536?
2, 310567
List the prime factors of 83621.
83621
List the prime factors of 195649.
97, 2017
What are the prime factors of 99101?
113, 877
What are the prime factors of 894289?
11, 81299
List the prime factors of 251116.
2, 67, 937
List the prime factors of 192509.
311, 619
What are the prime factors of 2013300?
2, 3, 5, 2237
List the prime factors of 427505.
5, 13, 6577
What are the prime factors of 12603555?
3, 5, 19, 14741
List the prime factors of 6131314.
2, 7, 107, 4093
List the prime factors of 7116931.
17, 61, 6863
What are the prime factors of 11656641?
3, 1051, 3697
What are the prime factors of 7957897?
53, 2833
List the prime factors of 91460.
2, 5, 17, 269
What are the prime factors of 769879?
11, 17, 23, 179
What are the prime factors of 51384?
2, 3, 2141
What are the prime factors of 1526943?
3, 11, 46271
List the prime factors of 263